5 = 0. Let i = -306 - p. What is the highest common factor of i and 3?
3
Let y(i) = 14*i + 9. Let r be y(4). Suppose 59*m - r*m = -120. What is the highest common divisor of m and 180?
20
Let f(t) = -78*t - 195. Let i be f(-6). What is the greatest common factor of i and 104?
13
Let w(b) = 21*b**2 + 23*b - 34. Let n be w(7). What is the highest common factor of n and 16?
4
Suppose n - 57 = 47. Let v be (-1 - 57/(-9))/(5 + 172/(-36)). What is the highest common factor of n and v?
8
Let l(v) = -v**2 + 2*v + 25. Let y be l(6). Let i be y*(-5 - 0/4). Let o be 2 + 58/5 + (-2)/i. Calculate the highest common divisor of o and 7.
7
Let p(w) = -90*w + 24. Let h be p(-3). Let s = h - 190. Let u(m) = -m**3 - 6*m**2 - 2*m - 4. Let i be u(-6). What is the greatest common divisor of i and s?
8
Suppose 5*m - m = 120. Suppose -4*k + m + 58 = 0. What is the highest common factor of k and 22?
22
Let z = -5362 - -5883. Calculate the highest common divisor of 1 and z.
1
Suppose -z = 3*c, z - 2*z = -4*c. Suppose -893 = -4*l - 3*h + 652, 3*h + 3 = z. What is the highest common divisor of l and 43?
43
Suppose 5*z = 2*p - 61 - 42, -32 = -p - 4*z. Suppose -2*h - 9 = 67. Let b be (7 + -1)/(1 + h/p). What is the greatest common divisor of 55 and b?
11
Let u be ((-7)/(21/(-4)))/((-6)/(-2241)). Suppose 3*n + 4*z - 366 = 0, -3*n - 2*z + u = n. Calculate the highest common divisor of 28 and n.
14
Let q = -94 + 96. Suppose -q*a = -17 - 19. Calculate the greatest common factor of a and 162.
18
Let w = 57 + -35. Suppose -264 = -22*u + w. What is the greatest common factor of u and 52?
13
Let g(p) = -2*p**3 - 1 - 10*p**2 - 6*p + 3*p**3 + 0*p**3. Let l be g(11). Suppose 432*m = 434*m - 72. What is the greatest common factor of l and m?
18
Suppose 319 - 291 = 7*r. Suppose -r*s - 9*o + 4098 = -4*o, -2*s + 4*o = -2036. Calculate the greatest common factor of s and 73.
73
Let f = 465 - -3436. Calculate the highest common divisor of 166 and f.
83
Let v(s) = 271*s - 1869. Let t be v(8). Calculate the highest common factor of t and 138.
23
Let b be (-20)/6 + 759832/408. What is the highest common divisor of b and 1001?
143
Let i be 16/(-10) + 48829/965. Calculate the greatest common factor of i and 21609.
49
Let z be (429/(-77) - -5)*-77. What is the highest common factor of 2068 and z?
44
Let l(m) = m**3 - 15*m**2 - 15*m - 22. Let d be l(16). Let a be (d/4)/(2/(-32) - 0). What is the highest common divisor of 12 and a?
12
Suppose -284*r - 56475 = -1037*r. Let z(c) = -c**2 - 5*c + 3. Let v be z(-5). Calculate the greatest common factor of v and r.
3
Let b be ((-46)/(-207))/(12/270). What is the greatest common divisor of 3565 and b?
5
Suppose 83*d - 81*d = -5*w + 1052, -w - 5*d + 215 = 0. Suppose 16*r + 90 = 19*r. Calculate the greatest common factor of r and w.
30
Let l be ((-1)/2)/(34/204). Let w be (l - 12)/(0 - (0 + 1)). Let t be 31/3*w + -2. Calculate the greatest common divisor of t and 17.
17
Let v be ((-66)/(-22) - -8)*1. What is the highest common divisor of 15917 and v?
11
Let o be 1/(-1) + (-61)/1. Let h = 66 - o. Let m be (-3)/(-45)*(-352 - -592). Calculate the greatest common divisor of h and m.
16
Let k be 0 + 1 + (5 - -10). Let g(o) be the third derivative of o**4/12 - 5*o**3/6 - 432*o**2. Let z be g(k). What is the greatest common divisor of 54 and z?
27
Let u = 407 - 303. Suppose -709 = -5*q + 1111. Calculate the greatest common factor of q and u.
52
Suppose -12*y + 4128 = 3864. What is the greatest common divisor of 5071 and y?
11
Let z be 8180/40 - (-1)/2. Let s(x) = 10*x**3 - x**2 + 4*x - 2. Let p be s(2). What is the greatest common factor of p and z?
41
Let z be -10*(-3)/2*10/30. Let c(u) = 20 + 8*u + 5*u + u**2 - 15. Let k be c(-13). What is the highest common divisor of k and z?
5
Let u(f) = f**3 - 7*f**2 - 8*f + 37. Let g be u(8). Suppose 0 = -15*z + g*z - 638. Calculate the highest common divisor of 116 and z.
29
Suppose 38*c - 2548 + 40 = 0. Calculate the greatest common factor of 300 and c.
6
Let m = 141 - 97. Suppose 3*l - 2256 = -2*n, -2*l = -n - 1335 - 155. Calculate the greatest common factor of l and m.
44
Let h = -267 - -327. Suppose 5*w - 5*x - h = 0, 2*x - 1 - 1 = 0. Calculate the greatest common divisor of w and 533.
13
Suppose -2*s + 314 = -d, -s + 354 - 218 = 3*d. What is the greatest common divisor of s and 286?
22
Suppose 21 = 3*i + 3*l, l = -5*i + 8*i - 21. Let k be ((-14592)/448)/(1/i*-2). What is the greatest common factor of k and 171?
57
Let l(h) = -24*h - 228. Let f be l(-12). Calculate the highest common factor of 310 and f.
10
Let r(k) = 1851*k - 795. Let d be r(3). Calculate the greatest common factor of 78 and d.
78
Suppose -8*s + 13*s - 860 = 0. Suppose -3*t + s = -368. What is the highest common divisor of t and 24?
12
Suppose 14 + 17 = c. Suppose c*l = 28*l - 3. Let h be -1*((-286)/33 - l/(-3)). What is the greatest common divisor of h and 81?
9
Suppose 0 = -10*b + 4*b + 186. Let z(r) = -3*r**2 + b - 38 + 3*r**2 + 13*r + r**2. Let p be z(7). Calculate the greatest common factor of 19 and p.
19
Let b be (-15 + 1)/(62/(-434)). What is the greatest common divisor of 308 and b?
14
Suppose -20448 - 30372 = -154*a. Calculate the highest common factor of 6765 and a.
165
Suppose 60*r = 56*r + 16. Let f be 3*((-2)/7 - 11362/(-273)). What is the highest common divisor of r and f?
4
Let c(i) = 17*i - 446. Let g be c(0). Let x = -433 - g. Calculate the greatest common factor of 260 and x.
13
Suppose -2*o + 1471 = 5*j, -4*o = 4*j - 1330 + 158. Let h = j - 197. Let w = h - 68. What is the highest common factor of w and 20?
10
Suppose 4*f = -14 + 26. What is the highest common factor of 573 and f?
3
Let c = 2 - -15. Suppose -11*i + 4562 + 4172 = 0. Suppose -6*z + 124 = -i. Calculate the greatest common factor of c and z.
17
Let q be (18 - (-328)/(-18)) + -1 + (-29)/(-9). Calculate the greatest common divisor of q and 5342.
2
Suppose 3*a + 5*o = 856, -29 + 21 = 2*o. What is the highest common divisor of 511 and a?
73
Let t(z) = 24*z - 82. Let q be t(3). Let n be (-51522)/(-1385) - 2/(q/(-1)). What is the greatest common divisor of 1 and n?
1
Let y(g) = 2*g**2 + 8*g + 40. Let o be y(-5). Suppose 0 = 5*w, 4*h - 4*w + 11 = 51. Calculate the greatest common divisor of o and h.
10
Let g(b) = 19*b - 44. Let r(x) = 10*x - 22. Let u(n) = -4*g(n) + 9*r(n). Let h be u(4). What is the greatest common divisor of 374 and h?
34
Suppose 2*i = -2*i. Suppose i = -3*p + 3*z + 63, -z + 11 = 2*p - p. Let r = 322 - 258. Calculate the greatest common divisor of p and r.
16
Let z(q) = 10*q**3 + 9*q**2 + 76*q - 432. Let j be z(6). Calculate the highest common divisor of j and 1824.
228
Suppose -5*v - 4*k = -520, 3*v = 108*k - 109*k + 319. What is the greatest common divisor of v and 2295?
27
Let j be (4 + -4 - -2)*(3/6 - -3). Calculate the greatest common divisor of 448 and j.
7
Suppose -12*a + 61 - 1 = 0. Suppose 6*n - 9*n + 2*i + 94 = 0, -a*i - 137 = -4*n. Calculate the greatest common factor of n and 70.
14
Let k = 160 + -92. Let m(z) = -9*z - 1. Let h be 4/(-5)*80/32. Let a be m(h). What is the highest common divisor of a and k?
17
Suppose -12 = n + 2*u, 5*n + 2*u + 20 = -0*u. Let b = n + 5. Suppose 3*k = b*i - 87, 7 = -5*k + 2. What is the greatest common divisor of 7 and i?
7
Suppose 38*g + 68*g - 193556 = 0. What is the highest common factor of g and 22?
22
Let y be -3 + (-14 + 13)*270/(-2). Suppose 78*f = 76*f + y. Let q(o) = o**2 + 8*o + 2. Let k be q(-10). What is the highest common factor of f and k?
22
Suppose -3*d = d - 3158 + 214. What is the greatest common factor of 506 and d?
46
Let z = 126 + -40. Suppose 7*a - 54 = z. Suppose -3*u - 21 + 87 = 3*d, 4*u + a = 2*d. What is the highest common divisor of d and 18?
18
Let b be (6/5)/((-7)/((-420)/8)). Suppose 4*p = c - 33, 5*c - 241 = b*p - 8*p. What is the greatest common factor of c and 28?
7
Let x(n) = 76*n + 5106. Let u be x(-67). What is the greatest common divisor of u and 15344?
14
Let i = 12 + -10. Suppose -6*t = 47 + 157. Let w = t + 36. Calculate the greatest common divisor of i and w.
2
Let l be (60/4)/(37/777). Calculate the highest common divisor of l and 450.
45
Let f(g) = 14 - 394*g**3 - 5*g + 393*g**3 + 20*g + 2*g**2. Let j be f(-1). Calculate the greatest common factor of 58 and j.
2
Let 